 154.
151
What is the remainder when 564134 is divided by 47008?
38
What is the remainder when 40844 is divided by 77?
34
What is the remainder when 92668 is divided by 429?
4
Calculate the remainder when 2140412 is divided by 288.
284
Calculate the remainder when 14038 is divided by 8.
6
Calculate the remainder when 1908 is divided by 82.
22
What is the remainder when 245079 is divided by 44?
43
What is the remainder when 135616 is divided by 71?
6
What is the remainder when 21207 is divided by 2594?
455
What is the remainder when 40915 is divided by 22?
17
Calculate the remainder when 3394 is divided by 371.
55
Calculate the remainder when 29187 is divided by 19.
3
Calculate the remainder when 2245 is divided by 552.
37
What is the remainder when 8373 is divided by 67?
65
What is the remainder when 38856 is divided by 480?
456
What is the remainder when 36397 is divided by 5191?
60
What is the remainder when 23007 is divided by 822?
813
What is the remainder when 16362 is divided by 200?
162
Calculate the remainder when 151967 is divided by 37989.
11
What is the remainder when 962947 is divided by 5981?
6
What is the remainder when 52035 is divided by 17319?
78
Calculate the remainder when 33471 is divided by 1154.
5
What is the remainder when 20642 is divided by 4?
2
Calculate the remainder when 16579 is divided by 246.
97
What is the remainder when 23677 is divided by 68?
13
What is the remainder when 5214 is divided by 2598?
18
What is the remainder when 21592 is divided by 10791?
10
What is the remainder when 9001 is divided by 2855?
436
Calculate the remainder when 39473 is divided by 67.
10
What is the remainder when 19386 is divided by 4642?
818
Calculate the remainder when 335 is divided by 57.
50
Calculate the remainder when 15160 is divided by 4991.
187
Calculate the remainder when 649298 is divided by 860.
858
What is the remainder when 4832 is divided by 2121?
590
Calculate the remainder when 2647182 is divided by 21.
6
Calculate the remainder when 2867722 is divided by 7.
4
What is the remainder when 2624 is divided by 559?
388
Calculate the remainder when 1724 is divided by 976.
748
Calculate the remainder when 419 is divided by 90.
59
What is the remainder when 33793 is divided by 126?
25
Calculate the remainder when 3514215 is divided by 184.
183
Calculate the remainder when 471074 is divided by 75.
74
Calculate the remainder when 3045 is divided by 503.
27
Calculate the remainder when 1368074 is divided by 75.
74
Calculate the remainder when 13099 is divided by 226.
217
What is the remainder when 59230 is divided by 1260?
10
What is the remainder when 17725 is divided by 281?
22
Calculate the remainder when 9329 is divided by 43.
41
What is the remainder when 40700 is divided by 203?
100
What is the remainder when 1670426 is divided by 1551?
1550
Calculate the remainder when 225 is divided by 66.
27
What is the remainder when 135250 is divided by 67622?
6
Calculate the remainder when 37559 is divided by 24.
23
Calculate the remainder when 14335 is divided by 349.
26
What is the remainder when 609493 is divided by 11?
5
Calculate the remainder when 3653 is divided by 26.
13
What is the remainder when 16564 is divided by 2?
0
Calculate the remainder when 42865 is divided by 11.
9
What is the remainder when 7087 is divided by 1019?
973
Calculate the remainder when 110742 is divided by 293.
281
Calculate the remainder when 820 is divided by 276.
268
What is the remainder when 2457 is divided by 6?
3
Calculate the remainder when 14952 is divided by 552.
48
Calculate the remainder when 477759 is divided by 4875.
9
What is the remainder when 32460 is divided by 26?
12
Calculate the remainder when 221161 is divided by 689.
681
Calculate the remainder when 6050 is divided by 36.
2
Calculate the remainder when 11283 is divided by 11280.
3
What is the remainder when 3704 is divided by 307?
20
Calculate the remainder when 16122 is divided by 15.
12
Calculate the remainder when 29130 is divided by 3640.
10
What is the remainder when 9024 is divided by 1284?
36
Calculate the remainder when 561 is divided by 156.
93
Calculate the remainder when 5319 is divided by 296.
287
What is the remainder when 88096 is divided by 1573?
8
Calculate the remainder when 10325 is divided by 187.
40
What is the remainder when 6126 is divided by 673?
69
Calculate the remainder when 255297 is divided by 9818.
29
What is the remainder when 285189 is divided by 28?
9
Calculate the remainder when 21626 is divided by 3603.
8
Calculate the remainder when 81274 is divided by 2033.
1987
Calculate the remainder when 6379 is divided by 27.
7
Calculate the remainder when 2610 is divided by 46.
34
What is the remainder when 4028 is divided by 66?
2
What is the remainder when 8908 is divided by 1271?
11
Calculate the remainder when 229567 is divided by 267.
214
What is the remainder when 6337 is divided by 155?
137
What is the remainder when 743 is divided by 488?
255
Calculate the remainder when 251239 is divided by 347.
11
What is the remainder when 9179 is divided by 2097?
791
Calculate the remainder when 20511 is divided by 9.
0
What is the remainder when 62348 is divided by 149?
66
What is the remainder when 222438 is divided by 20221?
7
What is the remainder when 19626 is divided by 6502?
120
Calculate the remainder when 1068969 is divided by 23.
21
What is the remainder when 4617 is divided by 1121?
133
What is the remainder when 46684 is divided by 186?
184
Calculate the remainder when 10670 is divided by 21.
2
Calculate the remainder when 365241 is divided by 227.
225
Calculate the remainder when 12827 is divided by 4158.
353
What is the remainder when 25658 is divided by 31?
21
Calculate the remainder when 1772 is divided by 222.
218
What is the remainder when 256440 is divided by 36634?
2
What is the remainder when 4548 is divided by 127?
103
What is the remainder when 563146 is divided by 281569?
8
What is the remainder when 1181300 is divided by 23?
20
Calculate the remainder when 12251 is divided by 1743.
50
Calculate the remainder when 21526 is divided by 104.
102
What is the remainder when 103753 is divided by 131?
1
What is the remainder when 72438 is divided by 10?
8
What is the remainder when 2393 is divided by 406?
363
Calculate the remainder when 48249 is divided by 31.
13
Calculate the remainder when 183 is divided by 103.
80
What is the remainder when 36943 is divided by 5266?
81
Calculate the remainder when 42101 is divided by 230.
11
Calculate the remainder when 15880 is divided by 39.
7
Calculate the remainder when 10078 is divided by 93.
34
What is the remainder when 126397 is divided by 20?
17
What is the remainder when 414659 is divided by 778?
763
What is the remainder when 5198 is divided by 249?
218
Calculate the remainder when 18417 is divided by 169.
165
Calculate the remainder when 45421 is divided by 134.
129
Calculate the remainder when 14730 is divided by 145.
85
What is the remainder when 2583656 is divided by 167?
166
What is the remainder when 369223 is divided by 175?
148
Calculate the remainder when 16640 is divided by 2374.
22
What is the remainder when 29884 is divided by 434?
372
What is the remainder when 411908 is divided by 4203?
14
Calculate the remainder when 19789 is divided by 316.
197
Calculate the remainder when 5403 is divided by 41.
32
Calculate the remainder when 4218 is divided by 49.
4
What is the remainder when 238726 is divided by 696?
694
What is the remainder when 496951 is divided by 7417?
12
What is the remainder when 17109 is divided by 300?
9
What is the remainder when 1286876 is divided by 815?
806
Calculate the remainder when 11988 is divided by 1331.
9
What is the remainder when 1389 is divided by 247?
154
What is the remainder when 16490 is divided by 133?
131
Calculate the remainder when 615 is divided by 405.
210
What is the remainder when 39675 is divided by 40?
35
Calculate the remainder when 257782 is divided by 12889.
2
Calculate the remainder when 5979 is divided by 73.
66
Calculate the remainder when 778622 is divided by 616.
614
What is the remainder when 50159 is divided by 44?
43
What is the remainder when 1181871 is divided by 323?
14
What is the remainder when 304378 is divided by 6